t r be 2/(-12) + 21/c. Suppose 4*p - 4 = -5*j, 2*j + r*j + 2 = 2*p. Let g(a) = 24*a. Calculate g(p).
24
Let o = 175 + 7. Let g = 175 - o. Let b(m) = -m**2 - 8*m + 5. Calculate b(g).
12
Let l(q) = q**3 - 3*q**2 + 2*q + 2. Let b be l(3). Suppose 8*r + b = 10*r. Let f(s) = -2*s**2 + s**3 - r + 20*s - 18*s + 0*s**2. Give f(3).
11
Let i(k) = -2*k**3 - 4*k**2 - 3. Let q be 6/(-3)*(-21)/6. Let s be (-2)/q - (-80)/(-14). Let d be ((-8)/(-12))/(s/27). Give i(d).
15
Let x(q) = -20*q**2 - 39*q + 88. Let l(t) = 7*t**2 + 13*t - 30. Let i(h) = 17*l(h) + 6*x(h). Determine i(-15).
-12
Let l(k) = 24*k - 37. Let a = 646 + -644. Calculate l(a).
11
Let t(v) = v + 15. Suppose 93*m + 160 = 94*m. Let x = -168 + m. Determine t(x).
7
Let g = -41 - -1623. Suppose g*q = 1590*q + 8. Let u(y) = -13*y**2 + 5*y - 8. Let j(p) = -9*p**2 + 3*p - 5. Let c(n) = -8*j(n) + 5*u(n). Calculate c(q).
6
Let k(c) = -c**2 - 17*c - 8. Let w(f) = -4*f + 12. Let a be w(7). Calculate k(a).
8
Suppose f - 3*a - 15 = 0, 2*f = 6*f + 3*a. Let q = -1 - f. Let n(y) be the first derivative of y**3/3 + 3*y**2/2 - 3*y + 40. What is n(q)?
1
Suppose 455*t + 473*t - 1082*t + 308 = 0. Let k(h) = -4*h - 6 - h**3 + h**2 + 5 + 2*h. Give k(t).
-9
Let r(h) = 18*h - 6. Let o(d) = d**3 + 33*d**2 + 60*d - 62. Let t be o(-31). Give r(t).
-6
Let w(s) = s**3 - 24*s**2 + 12*s + 247. Let x be w(23). Let b(v) = v**3 + 5*v**2 - 7*v - 9. Calculate b(x).
-3
Suppose -a - 4*a - 4 = 2*y, -y + 9 = -3*a. Let h(v) = -3*v**2 - 73*v**3 + 74*v**3 + 13*v - y - 15*v. What is h(4)?
5
Let i = -30829 + 30822. Let z(t) = -3*t**2 - 7*t - 3. Let j(a) = 13*a**2 + 28*a + 12. Let d(b) = 2*j(b) + 9*z(b). Give d(i).
-3
Let c(z) = -5*z**3 - 184*z**2 + 8*z - 31. Let u(s) = s**3 + 34*s**2 - s + 6. Let o(p) = 2*c(p) + 11*u(p). What is o(-2)?
10
Let r(x) = -4*x - 6. Suppose g + 3*g + z - 285 = 0, -5*g = -5*z - 375. Let f = g - 78. Give r(f).
18
Let p(q) = -2*q**3 - q**2 + 6*q - 8. Suppose 0 = -x + 4*n - 2, -5*x + 3*n = 570 - 577. Give p(x).
-16
Let a(n) be the second derivative of -n**3/3 - 3*n**2/2 - 555*n. Determine a(0).
-3
Let q(v) = 12*v**2 - 61*v. Suppose 39 = 3*g + 4*f + 12, -2*f = 4*g - 26. Give q(g).
-5
Let n(m) be the third derivative of m**6/120 - m**5/60 + m**4/24 + 7*m**3 + 380*m**2 - 2*m. Determine n(0).
42
Let o(z) = 0*z - 5 - z + 39*z**2 - 22*z**2 - 18*z**2. What is o(-5)?
-25
Suppose -l = -7 + 107. Let n be l/45 - (-4)/18. Let v(g) = -6*g**2 - 3*g - 3. Calculate v(n).
-21
Let s(r) = -r**2 + 3*r - 2. Let z be 150/(-54) - -7 - 4/18. Give s(z).
-6
Let r = -90 - -92. Let s(p) be the first derivative of 5/2*p**r + 16 - p + 1/3*p**3. What is s(-5)?
-1
Suppose -20*q + 133 = -24*q - 15*q. Let v(c) = c**2 + 2*c - 8. Give v(q).
27
Let y(u) be the second derivative of 1/6*u**3 + 0 + 7*u + 12*u**2. Calculate y(-11).
13
Suppose -3*p + 2*z - 14 = -4, 12 = -3*z. Let y be (-2)/p*924/28. Suppose 0 = -5*k - 3*f - 3 + y, -k = -f. Let x(r) = -11*r**3 + 2*r - 1. What is x(k)?
-10
Let o(q) = -6*q - 4. Suppose -3*x = -8 - 10. Let r(p) = -4*p - 3. Let m(n) = x*r(n) - 5*o(n). Give m(3).
20
Let j(n) = n**3 - 5*n**2 + 10*n - 10. Let b be j(3). Let p(k) = 68*k**3 - 67*k**3 - 6*k**2 + 0*k**2 - 3*k + 3 + k**b. Calculate p(5).
-12
Let g be -2*5/20 + 72/(-16). Let r(b) = b**3 + 7*b**2 + 8*b. Give r(g).
10
Let q(i) = 207*i - 421. Let o = -23417 + 23419. What is q(o)?
-7
Suppose 749*s = 707*s + 966. Let v(o) = o**2 - 15*o - 173. What is v(s)?
11
Let d(w) = -2*w**3 - 14*w**2 - w - 9. Let x be d(-7). Let g(p) = -16*p**2. Calculate g(x).
-64
Let s(w) be the third derivative of 0*w**5 + 1/8*w**4 + 1/120*w**6 + 0*w + 1 - 5/6*w**3 + 187*w**2. Determine s(2).
9
Let s(g) = -g - 11. Suppose 0 = -x + 2*r, x + 2*x + r = 14. Suppose -x*f - 28 = 4*a, a + 1 = f - 14. Give s(a).
0
Let n be 2*6/18*(3 - 0). Let m be (58/(-29))/(n/(-11)). Let t(r) = -r + 11. What is t(m)?
0
Let t be (-1371)/(-37) + 2/(-37). Let g(r) = r**2 - 35*r - 77. What is g(t)?
-3
Let z(v) be the first derivative of v**6/360 + v**5/30 + v**4/4 - v**3 + v**2/2 - 20. Let a(c) be the third derivative of z(c). Give a(-4).
6
Suppose 293*i = -209*i + 16566. Let q(j) = -j + 36. What is q(i)?
3
Let q(a) = 2*a - a + 203 + 149 - 346 - 6*a**2. Give q(-2).
-20
Let j(k) be the second derivative of k**3/2 - 14*k**2 + 839*k - 3. Give j(17).
23
Let l(d) = -d**2 + 14*d + 2. Suppose 123*b - 123 = 1476. What is l(b)?
15
Let j(w) = 4*w - 72. Suppose 132*o - 131*o - 19 = 0. What is j(o)?
4
Let a(h) = h**2 + 8*h + 19. Suppose 20*r - 30*r = -21*r - 44. What is a(r)?
3
Let q(u) = -81*u**2 - 58*u - 68. Let v(d) = -25*d**2 - 19*d - 23. Let w(z) = -4*q(z) + 13*v(z). Calculate w(-13).
-1
Let d(f) = -9*f + 146. Let x(r) = 140*r - 2261. Let b(g) = -77*d(g) - 5*x(g). Calculate b(8).
7
Let k(u) = 4*u + 2. Let s(d) = d + 6 - 3 - 5*d - 4*d + 7*d. Let z(a) = k(a) + 2*s(a). Calculate z(-6).
-4
Let j(w) be the second derivative of -w**4/12 - 11*w**2 - 885*w. Calculate j(0).
-22
Let v(s) = 45*s + 55. Suppose q - 17*q = -13*q + 3. Determine v(q).
10
Let s(b) = 10*b**2 + 31*b + 91. Let o(y) = 7*y**2 + 19*y + 60. Let c(f) = 7*o(f) - 5*s(f). What is c(-18)?
37
Let r(a) = a**2 + 44*a - 141. Let j be r(-47). Let f(p) = -p**2 - 7*p + 16. Let w(v) = -v**2 - 8*v + 16. Let n(z) = 7*f(z) - 6*w(z). Calculate n(j).
16
Let g(r) = -r - 2. Let u(o) = -2*o + 13. Let d be u(9). Let x be d/(-10)*-6 - -6. What is g(x)?
-5
Let u be (-6)/10 - 1698/(-30). Let r = -52 + u. Let p(t) = 0*t - t**2 + r*t + t. Determine p(6).
-6
Let a(g) = -3*g**3 + 12*g + 12. Suppose -59*j + 68*j + 9 = 0. Give a(j).
3
Let d(n) = -3*n**2 - 7*n + 2. Let c = -4 - -2. Let h(j) = -16*j**2 - 36*j + 9. Let z(f) = c*h(f) + 11*d(f). Calculate z(3).
-20
Let n(u) = 2*u**2 - 20*u + 11. Let z be ((-39)/2)/(348/(-232)). Calculate n(z).
89
Let n be 10/(-20) - (-9)/2. Suppose 5 = -n*c + 21. Let w(b) be the first derivative of -3*b**2/2 + 4*b - 1562. Give w(c).
-8
Let n = -19 - -20. Let h(u) = -23*u - 20. Let o(k) = k + 21. Let j(z) = -h(z) - o(z). Calculate j(n).
21
Let p(d) be the first derivative of -d**4/4 - d**3 + 3*d**2/2 + 2. Let i be (-2976)/27 - 44/(-198). Let n = -113 - i. Calculate p(n).
-9
Let u = -4418 - -4416. Let z(g) = -2*g**3 + 2*g**2 + 5*g + 2. What is z(u)?
16
Let n(o) = 11*o + 131. Suppose 5*h + 2*c = -52, -h + 4*c - 2*c = 20. What is n(h)?
-1
Let o(r) = -4*r**2 + 10*r - 6. Let p = -107 - -109. Let u be o(p). Let l(t) = -5*t + 1. Determine l(u).
11
Let w(g) = 149. Let c(i) = -2*i + 144. Let s(x) = -5*c(x) + 6*w(x). What is s(-17)?
4
Let t(o) = 2*o**3 - 12*o**2 - o - 2. Let f be t(6). Let m be 1/(-1) - 24/f. Let d(p) = 3*p - 3 - 9*p - 2*p**2 + m*p + p. Determine d(-3).
-12
Let q(n) = -n**3 - 6*n**2 - n - 2. Let c(z) = -5*z**3 - 33*z**2 - 12*z + 11. Let r(g) = -c(g) + 6*q(g). Determine r(-6).
49
Let p(u) = -14*u**3 + 1. Suppose 74*f + 149 = -75*f. What is p(f)?
15
Let i(x) = x - 22. Let l be i(21). Let n be (-3)/(l/(-8)*12). Let z(v) = -15*v - 1. Determine z(n).
29
Let d(i) be the third derivative of -i**6/120 - 3*i**5/20 - i**4/12 + i**3/6 - 1422*i**2. Determine d(-8).
-47
Let w(b) be the third derivative of -5/6*b**3 - 20*b**2 + 0 + 0*b**4 - 1/120*b**5 + 0*b. Let n(g) be the first derivative of w(g). Calculate n(6).
-6
Let g(y) = 94862*y**2 - 94863*y**2 - 35*y - 6 + 12*y. Calculate g(-22).
16
Suppose -2*v + 3*k = 1, 2*k - 7 = 2*v - 3*k. Let q(j) = j - v*j + 2*j + 2*j - 7 + j**2. Determine q(4).
13
Let o(l) = -43*l**3 - 81*l**2 - 7*l - 147. Let v(y) = 16*y**3 + 28*y**2 + 2*y + 49. Let b(c) = -3*o(c) - 8*v(c). Calculate b(-19).
-46
Let z(d) = -193*d - 217*d + 413*d + 7. Calculate z(4).
19
Let w(v) = 4*v**2 + 5 + 4 + 6 + 5*v**3 - 6*v - 16 - 4*v**3. Calculate w(-6).
-37
Suppose x = 4*a - 10, 5 + 0 = 3*a - 2*x. Suppose 0 = 3*i + 3*v - 39 - 36, 51 = 2*i + a*v. Suppose -13*z = -7*z + i. Let k(b) = -b + 1. Calculate k(z).
5
Let y(m) = m**2 - 5*m + 6. Let p be 5 + (-308)/60 - (-8)/60. Suppose p = 84*z - 95*z + 66. What is y(z)?
12
Let o(v) = 8472*v + 3 + 0 - 8473*v. Determine o(-6).
9
Suppose 5*x + 5*d = 0, -3*x + x - 14 = -5*d. Let m be x/(-8) + (-408)/96. Let z(q) = 9*q**2 - 3*q**2 - 4*q**2 + 5 - 4*q - 4*q**2. What is z(m)?
-11
Let t = -1944 + 1941. Let a(i) = -13*i - 29. Give a(t).
10
Let y(c) be the second derivative of c**3/3 + 3*c**2/2 - 2*c. Suppose -18615 - 2472 = 33*f. Let p = f - -63